304 + -614?
-2221
In base 13, what is 1 - 7a37?
-7a36
In base 11, what is -2 - -21484?
21482
In base 6, what is -10 - 342434?
-342444
In base 12, what is 0 + 409a?
409a
In base 13, what is 22 + -9ca6?
-9c84
In base 6, what is 202203 - 12?
202151
In base 2, what is 1 + 10111000110000001?
10111000110000010
In base 4, what is 112 - -200032132?
200032310
In base 7, what is 0 + 145064?
145064
In base 6, what is -22500103 + -15?
-22500122
In base 11, what is -11077 + 2a?
-11048
In base 11, what is -445 + 1474?
102a
In base 12, what is -9a - 2ab9?
-2b97
In base 3, what is 2 - -201022201?
201022210
In base 13, what is b27b - -10?
b28b
In base 14, what is 9ad778 + 1?
9ad779
In base 2, what is 111 - 111011111111?
-111011111000
In base 4, what is -1 + -203232?
-203233
In base 16, what is -fab9 - 5?
-fabe
In base 2, what is -1010 + -100110000010?
-100110001100
In base 15, what is -b0 + -19b?
-25b
In base 5, what is -2 - -2143232?
2143230
In base 10, what is -1863 + 13?
-1850
In base 9, what is -10 - -4055?
4045
In base 16, what is -2 + 694f?
694d
In base 11, what is 417 - 1346?
-a2a
In base 15, what is 1144 - 14b?
ee8
In base 9, what is -6 + -24611?
-24617
In base 7, what is 146 + -65102?
-64623
In base 12, what is -49 - 1a7?
-234
In base 16, what is -c8 + a?
-be
In base 9, what is 5 + -1076020?
-1076014
In base 7, what is 4 + 3331266?
3331303
In base 8, what is 166 + -524?
-336
In base 16, what is -1 - -1514a0?
15149f
In base 11, what is 153 - -1250a?
12662
In base 3, what is -21212212000 - -11?
-21212211212
In base 15, what is 361 - 428?
-b7
In base 14, what is -3 + -261301?
-261304
In base 2, what is -110 + -1000011011011?
-1000011100001
In base 14, what is -1 - -3105?
3104
In base 13, what is 9 + -438a?
-4381
In base 6, what is -100 + -304?
-404
In base 12, what is -479 + 5723?
5266
In base 16, what is 6b + 52?
bd
In base 6, what is -54441 - -4?
-54433
In base 11, what is 9a7 + -15?
992
In base 11, what is -7 - -127a3?
12797
In base 8, what is -23 - 146?
-171
In base 10, what is 89 + 15941?
16030
In base 15, what is 44653 - -8?
4465b
In base 2, what is -1001010011 - -11?
-1001010000
In base 13, what is 961 - 1b?
943
In base 13, what is -4 - 45?
-49
In base 13, what is 6690 + 17?
66a7
In base 10, what is -20 + -19736?
-19756
In base 8, what is 560 + 3164?
3744
In base 5, what is 11 + -2241002?
-2240441
In base 13, what is 14027 + 2?
14029
In base 8, what is 6562604 - 0?
6562604
In base 10, what is 0 + -12544?
-12544
In base 8, what is 10532122 - -5?
10532127
In base 11, what is -42a - -1864?
1435
In base 14, what is 949c - 80?
941c
In base 11, what is 5a6 - -80?
676
In base 14, what is -126 + -cd?
-215
In base 12, what is 0 + 14942?
14942
In base 3, what is 20102 + 1011120?
1101222
In base 8, what is -51025 - -10?
-51015
In base 12, what is 46 - -4905?
494b
In base 6, what is -1313 + -132?
-1445
In base 6, what is -335211 + -1?
-335212
In base 13, what is 1147a7 - -3?
1147aa
In base 14, what is 93b9 + -d?
93aa
In base 2, what is 11101010 - -11110100?
111011110
In base 14, what is -47 - -1a92?
1a49
In base 10, what is -1259 + -17?
-1276
In base 7, what is -245216 - -1?
-245215
In base 3, what is -1022 - -1001012211?
1001011112
In base 14, what is 1b6d3 + -2?
1b6d1
In base 11, what is -1 - -27099?
27098
In base 3, what is -122020222011 - 1?
-122020222012
In base 11, what is a1398 - 8?
a1390
In base 14, what is 3 + 365?
368
In base 12, what is -71 - -312?
261
In base 3, what is 11 - -101010011210?
101010011221
In base 10, what is 190364 + -4?
190360
In base 12, what is -1a5ba - -4?
-1a5b6
In base 14, what is -8 + 1c0a?
1c02
In base 12, what is 25 - 21a5?
-2180
In base 9, what is -4764 - -10?
-4754
In base 13, what is -193c9 + -4?
-19400
In base 16, what is -10 - -2a6d?
2a5d
In base 5, what is -21 - 124234?
-124310
In base 12, what is -199 + 39?
-160
In base 13, what is 1a - b795?
-b778
In base 16, what is -66 + 3b45?
3adf
In base 15, what is 34e9d - -1?
34e9e
In base 12, what is -73a5 - 29?
-7412
In base 6, what is 4 - 223355?
-223351
In base 4, what is 21201202 - 0?
21201202
In base 3, what is 101 - -210?
1011
In base 15, what is 6ea2 + -8?
6e99
In base 6, what is -1 - 423250?
-423251
In base 13, what is 18753 - -9?
1875c
In base 8, what is -1 - -471742?
471741
In base 5, what is 110210 - 13?
110142
In base 5, what is -2 - 34143432?
-34143434
In base 8, what is -6450 + 0?
-6450
In base 5, what is -2 + -20?
-22
In base 3, what is -110122 + 100021?
-10101
In base 15, what is 3 - -7304b?
7304e
In base 3, what is -11011201 + -20210?
-11102111
In base 6, what is -4321 - 5151?
-13512
In base 5, what is -411334 - -20?
-411314
In base 12, what is 2909 - -6?
2913
In base 5, what is 133442010 + 10?
133442020
In base 6, what is 2541414 - 4?
2541410
In base 10, what is 5 + -3158?
-3153
In base 14, what is -5 - 22714b?
-227152
In base 12, what is 5795 + 4?
5799
In base 3, what is 2102002120102 + 1?
2102002120110
In base 13, what is 2b + 3ab?
409
In base 14, what is 5 + -32ab8?
-32ab3
In base 8, what is -44430 + 3?
-44425
In base 13, what is 36 - 45b?
-425
In base 3, what is 120210220 + 10010?
120221000
In base 4, what is -1013021 + -1111?
-1020132
In base 13, what is 1 + 119a?
119b
In base 11, what is 15a0 + -20?
1580
In base 16, what is 2920 - 4a?
28d6
In base 4, what is -3 - -102000110?
102000101
In base 7, what is -1553 - 3?
-1556
In base 3, what is 21 - -110211201?
110211222
In base 2, what is -11 + 10110101?
10110010
In base 11, what is -157614 - -6?
-157609
In base 5, what is -1332 - -1102?
-230
In base 16, what is ec533 + 3?
ec536
In base 6, what is -1014 - 12551?
-14005
In base 14, what is 4 + d404?
d408
In base 7, what is -16103 - -3?
-16100
In base 16, what is -2c12 + -7?
-2c19
In base 15, what is 5 + -2d97?
-2d92
In base 10, what is 1213552 + -4?
1213548
In base 5, what is 1444331312 + -4?
1444331303
In base 7, what is -10350 + 5?
-10342
In base 14, what is 12a66 - 17?
12a4d
In base 15, what is -13553 + 3?
-13550
In base 9, what is 230 + 1180?
1420
In base 11, what is -524 + -19a?
-713
In base 6, what is -14135 - -2325?
-11410
In base 9, what is -270251 + -1?
-270252
In base 11, what is 7a7 + 4?
800
In base 5, what is -421 + 13233?
12312
In base 13, what is -9 - -6017?
600b
In base 12, what is -422 + -1b3?
-615
In base 8, what is 1430552 - 3?
1430547
In base 15, what is -2a7 - -41e?
167
In base 12, what is -258 + -44?
-2a0
In base 5, what is -4232440 + -314?
-4233304
In base 14, what is -8b + 8b3?
826
In base 6, what is 0 + -23541?
-23541
In base 9, what is 2760 - 347?
2412
In base 4, what is -1112111033 + -12?
-1112111111
In base 12, what is 147 - 6?
141
In base 14, what is 6940d - 1b?
693d2
In base 15, what is -4 - -4c4?
4c0
In base 11, what is -a6a + 2a6?
-774
In base 6, what is 10 + 202451?
202501
In base 4, what is 222 - -30202?
31030
In base 14, what is -54 + 103c?
dc8
In base 7, what is 364265 - 3?
364262
In base 14, what is 6 + 407?
40d
In base 16, what is b + -41c?
-411
In base 8, what is 476 + 1040?
1536
In base 3, what is 222202 - -22122?
1022101
In base 4, what is -2 + 112100312?
112100310
In base 4, what is 11332 + -13312?
-1320
In base 13, what is 35b6 + -47?
356c
In base 5, what is 341 - 10131?
-4240
In base 15, what is -25ca8 + b?
-25c9c
In base 10, what is -4 + -5358?
-5362
In base 13, what is 97703 - 1?
97702
In base 16, what is 101e16 + 4?
101e1a
In base 8, what is -435052 + 5?
-435045
In base 6, what is -3522141 + -4?
-3522145
In base 7, what is -3 - -116424?
116421
In base 10, what is 118108 + -10?
118098
In base 2, what is -1101010001010000 - 10111110?
-1101010100001110
In base 16, what is 29fb + 2?
29fd
In base 7, what is 2335360 + 1?
2335361
In base 3, what is 2 + 1001112210220?
1001112210222
In base 8, what is 2 - -25076?
25100
In base 9, what is -7 - 20035?
-20043
In base 9, what is -84 - 32831?
-33025
In base 2, what is -10 - -11010010111100100010?
11010010111100100000
In base 15, what is 10e - -238?
347
In base 15, what is -6e - -5d?
-11
In base 7, what is -3405016 + -3?
-3405022
In base 3, what is -22110 + -1211?
-101021
In base 2, what is -1011 + -110001000101001?
-110001000110100
In base 3, what is -2 + 1122221021112?
1122221021110
In base 3, what is -111 + -100210011?
-100210122
In base 10, what is -1483 - 8?
-1491
In b